mmon divisor of 154 and 5038?
22
What is the greatest common divisor of 49 and 36169?
7
What is the highest common factor of 10 and 945410?
10
Calculate the greatest common divisor of 102 and 24018.
6
What is the highest common factor of 22 and 2755082?
22
What is the highest common factor of 2240758 and 26?
26
Calculate the highest common divisor of 8505 and 2240.
35
What is the highest common factor of 73920 and 1104?
48
Calculate the greatest common divisor of 728 and 7980.
28
What is the greatest common factor of 200766 and 6?
6
What is the greatest common divisor of 324 and 56025?
27
What is the highest common factor of 16826 and 1790?
358
Calculate the greatest common divisor of 6045 and 18720.
195
Calculate the greatest common divisor of 1115 and 10.
5
Calculate the highest common divisor of 121 and 97889.
121
What is the greatest common divisor of 662600 and 10?
10
What is the highest common divisor of 1136 and 153644?
284
What is the highest common divisor of 40 and 130280?
40
Calculate the highest common divisor of 91556 and 1128.
188
Calculate the greatest common divisor of 143 and 12883.
13
Calculate the greatest common divisor of 3101940 and 285.
285
What is the highest common divisor of 215 and 2526508?
43
What is the greatest common factor of 668076 and 36?
12
Calculate the greatest common divisor of 16393 and 26.
13
Calculate the highest common factor of 199941 and 21.
21
What is the greatest common divisor of 88787 and 1824?
19
Calculate the greatest common factor of 56 and 2976484.
28
What is the highest common factor of 31206 and 183?
3
What is the greatest common factor of 120 and 22065?
15
Calculate the greatest common divisor of 40 and 168160.
40
Calculate the greatest common factor of 2285052 and 264.
132
What is the greatest common divisor of 336327 and 31580?
1579
Calculate the greatest common factor of 2480 and 514445.
155
Calculate the greatest common divisor of 555 and 380730.
555
What is the greatest common divisor of 47575 and 495?
55
Calculate the greatest common factor of 209174 and 5352.
446
Calculate the highest common factor of 424 and 6312936.
424
Calculate the greatest common factor of 374 and 217447.
17
What is the greatest common factor of 288 and 99171?
9
What is the highest common factor of 1 and 11209?
1
Calculate the highest common divisor of 143 and 89375.
143
What is the highest common factor of 43 and 2913809?
43
Calculate the greatest common factor of 729 and 204363.
243
Calculate the greatest common divisor of 14 and 250.
2
Calculate the greatest common divisor of 2 and 787.
1
Calculate the highest common factor of 341 and 41137.
31
Calculate the highest common factor of 1128 and 71769.
141
What is the highest common divisor of 58 and 787?
1
What is the highest common factor of 2376 and 63288?
216
What is the highest common divisor of 931 and 497116?
19
Calculate the greatest common divisor of 148 and 44622.
74
Calculate the greatest common factor of 6027 and 16851.
123
Calculate the greatest common factor of 54483 and 55.
11
What is the greatest common divisor of 164854 and 278?
278
What is the greatest common factor of 120733 and 157?
157
Calculate the highest common factor of 9 and 637.
1
Calculate the greatest common factor of 13310 and 20020.
110
What is the greatest common factor of 3152 and 13984?
16
What is the greatest common divisor of 5887 and 29?
29
What is the greatest common divisor of 13344 and 1146?
6
Calculate the greatest common divisor of 90 and 18340.
10
Calculate the greatest common factor of 1296 and 173286.
54
What is the highest common factor of 164638 and 3130?
626
Calculate the greatest common divisor of 4152 and 9228.
12
What is the highest common divisor of 160 and 495?
5
What is the highest common divisor of 2860 and 62660?
260
What is the greatest common factor of 59048 and 388168?
968
Calculate the highest common divisor of 86545 and 19.
19
What is the highest common factor of 12481 and 217?
7
Calculate the highest common factor of 7 and 17794.
7
What is the highest common divisor of 1067277 and 867?
867
Calculate the highest common factor of 28833 and 84.
21
What is the highest common divisor of 5024 and 122624?
32
Calculate the greatest common divisor of 9940 and 76964.
284
Calculate the highest common divisor of 7245 and 110.
5
Calculate the greatest common divisor of 952 and 834428.
476
Calculate the greatest common factor of 1023 and 30597.
93
Calculate the highest common factor of 19072 and 22656.
128
Calculate the greatest common factor of 463442 and 294.
98
What is the highest common factor of 3421958 and 134?
134
Calculate the greatest common divisor of 62425 and 5.
5
What is the highest common divisor of 46 and 2867847?
23
What is the highest common divisor of 4843 and 2262?
29
Calculate the greatest common factor of 2931970 and 10.
10
Calculate the greatest common factor of 421 and 593189.
421
Calculate the highest common factor of 714 and 6366.
6
Calculate the highest common factor of 330 and 441705.
165
What is the greatest common divisor of 1545 and 140670?
15
Calculate the highest common factor of 12 and 58935.
3
Calculate the highest common factor of 88633 and 61.
61
Calculate the highest common divisor of 67 and 89177.
67
What is the greatest common divisor of 25 and 130855?
5
Calculate the highest common divisor of 33060 and 3132.
348
What is the greatest common divisor of 131613 and 38?
19
What is the greatest common factor of 2376 and 795096?
216
What is the highest common factor of 1576 and 64?
8
Calculate the greatest common divisor of 14 and 173593.
7
What is the greatest common factor of 216 and 24480?
72
What is the highest common divisor of 1510443 and 2178?
1089
What is the greatest common factor of 29 and 75139?
29
Calculate the greatest common factor of 140470 and 11.
11
Calculate the highest common factor of 204 and 1653148.
68
What is the highest common factor of 34032 and 134710?
1418
Calculate the greatest common factor of 75 and 2805.
15
Calculate the highest common divisor of 265 and 590.
5
What is the greatest common factor of 12802 and 7252?
74
Calculate the highest common factor of 53786 and 1.
1
Calculate the greatest common factor of 1268 and 2321708.
1268
Calculate the highest common factor of 940 and 920965.
235
What is the greatest common factor of 30 and 23255?
5
What is the highest common divisor of 2403 and 63?
9
What is the greatest common divisor of 3640 and 51935?
65
What is the greatest common factor of 5375 and 79000?
125
What is the greatest common divisor of 57510 and 810?
810
What is the highest common divisor of 10 and 19985?
5
What is the highest common divisor of 3045 and 7312263?
609
Calculate the greatest common factor of 35072 and 100.
4
What is the highest common factor of 36 and 3711186?
18
Calculate the highest common factor of 345218 and 404.
202
Calculate the highest common divisor of 308508 and 25098.
282
Calculate the highest common factor of 2199295 and 186.
31
Calculate the highest common factor of 125307 and 39.
39
What is the greatest common factor of 795 and 17967?
159
Calculate the greatest common factor of 570 and 605.
5
What is the greatest common factor of 134 and 10697488?
134
What is the highest common divisor of 2078364 and 333?
111
What is the greatest common factor of 824565 and 105?
105
Calculate the highest common divisor of 39273 and 76.
19
Calculate the greatest common factor of 6565 and 429.
13
Calculate the greatest common divisor of 2532270 and 258.
258
What is the greatest common factor of 155232 and 126?
126
Calculate the highest common factor of 22544 and 3488.
16
What is the highest common divisor of 2827 and 2563?
11
Calculate the greatest common divisor of 310 and 40765.
155
What is the greatest common divisor of 2133 and 79?
79
What is the greatest common factor of 80994 and 12?
6
Calculate the greatest common factor of 6625 and 1855.
265
What is the highest common divisor of 16384 and 4544?
64
What is the greatest common factor of 101 and 1338553?
101
Calculate the highest common divisor of 3872 and 25652.
484
What is the greatest common factor of 4514 and 610?
122
Calculate the greatest common factor of 10 and 12290.
10
What is the highest common divisor of 384 and 